alculate the greatest common factor of 32 and o.
16
Suppose 0*w + 2*w - 64 = -4*l, w = -3*l + 50. What is the greatest common divisor of 522 and l?
18
Let w = 244 - 216. What is the highest common factor of w and 35?
7
Suppose 0 = -b - 2*h - 89, 0 = 7*b - 8*b + 5*h - 124. Let t = -60 - b. What is the greatest common factor of 273 and t?
39
Let p(w) = 10*w - 6. Let b(c) = c + 4. Let l be b(-4). Suppose l = f + 3 - 6. Let n be p(f). Calculate the greatest common divisor of n and 8.
8
Suppose 0 = 3*m - h - 85, m = 2*m - 2*h - 20. Let g be (20/8)/5*12. What is the highest common divisor of g and m?
6
Let d = 1911 - 1757. Calculate the greatest common factor of d and 99.
11
Suppose -3*q - 187 = -2*f, -3*f + 5*q + 116 = -165. Calculate the highest common factor of 4 and f.
4
Let f be (-781)/355 + 1462/10. What is the highest common divisor of 208 and f?
16
Let a(k) = 3*k**2 - 119*k - 118. Let x be a(41). Calculate the highest common factor of 46 and x.
46
Let x(c) = c**3 + 6*c**2 + 6*c - 5. Let w be x(-4). Suppose 5*f - 79 = 3*f - 3*d, w*f - 102 = d. What is the greatest common factor of 7 and f?
7
Let f = 1561 - 921. Calculate the greatest common divisor of 16 and f.
16
Let u(x) = -16*x + 415. Let k be u(21). What is the greatest common factor of 3871 and k?
79
Let g(w) = 3*w**2 - 18*w - 165. Let o be g(-11). What is the highest common divisor of 22 and o?
22
Let p(v) = -v**3 - 5*v**2 - 2*v - 13. Let r be p(-6). Suppose 5*w + r = 10, 0 = 2*t + 3*w - 5. Calculate the greatest common factor of t and 2.
2
Let o be 2/(-2)*(-3 - 0). Suppose -2*k = -2*b + 20, 3*k = -o*b + 14 + 4. Suppose 0 = -b*r + 3*r + 55. What is the highest common factor of r and 11?
11
Let p(d) = -d**3 - 4*d**2 - 21. Let x be p(-7). What is the greatest common factor of x and 189?
63
Let y(v) = 1. Let q(z) = z**3 - 11*z**2 - 18*z - 9. Let b(n) = q(n) + 4*y(n). Let f be b(13). What is the highest common divisor of f and 9?
9
Let m = 14 + -22. Let r = m + 18. Suppose r = -g + 2*g. What is the greatest common factor of 4 and g?
2
Let a = -328 + 340. Calculate the highest common factor of a and 1.
1
Let f = 18 - 13. Suppose -f*v - 3*t + 146 = -v, 3*t + 99 = 3*v. Suppose 0*h + 15 = -2*i - 5*h, 5*h = -5*i. What is the highest common divisor of i and v?
5
Let b(l) = -l**2 - 5*l + 16. Let r be b(-7). Let p be r/8 + (-199)/(-4). Calculate the greatest common divisor of 450 and p.
50
Suppose -a + 14 = a. Suppose -a*q + 70 = -2*q. Suppose -16*y + 29 = -531. What is the highest common divisor of y and q?
7
Suppose -24*s = -23*s - 72. Let u = s + -27. What is the highest common divisor of u and 18?
9
Let o = -660 - -947. Calculate the greatest common factor of o and 82.
41
Suppose 0 = -12*p + 96 + 36. Let o be 2/4 - 70/(-4). Suppose -2*l - o = 5*g, -12 = -3*g + 6*g. Calculate the highest common factor of p and l.
1
Let s(h) = 8*h**2 - h. Let p be s(1). Suppose -3*b + 56 = -28. What is the greatest common divisor of p and b?
7
Let r = -273 - -350. Calculate the highest common factor of 11 and r.
11
Let y be (-1)/((-27)/26 + 1). Let o be y/(-3)*-3 + 0. Let d(v) = v**3 + 9*v**2 - 9*v - 6. Let l be d(-8). What is the greatest common factor of o and l?
26
Let n be 2/(-6)*-57*-1. Let q(k) = -2*k - 34. Let l be q(n). What is the highest common factor of 10 and l?
2
Let a = -9 - -8. Let f(v) = -v**3 - v**2 + 4*v + 3. Let u be f(-3). Let c = a + u. Calculate the greatest common factor of 2 and c.
2
Let i = 477 - 317. Calculate the highest common factor of 80 and i.
80
Let x = -7 - -12. Suppose -x*i + 5 = -4*i. Suppose -i = n - 95. What is the greatest common divisor of 10 and n?
10
Let p be 1803/19 + 34/323. Let b = p + -47. What is the greatest common factor of 120 and b?
24
Let g(v) = -v**2 - 7*v + 1. Let i be g(-5). Let b be ((-2145)/(-1170))/(0 + (-1)/(-6)). What is the greatest common divisor of i and b?
11
Suppose -2*x - 23 = -r + 3*x, 0 = -3*r + 3*x + 57. Let v = r + -6. Calculate the greatest common divisor of 84 and v.
12
Let a = 139 - 124. Suppose a*f - 84 = 11*f. Calculate the highest common factor of 12 and f.
3
Let i be 36/(-108)*(-12 - -3). Let g be 1 + (-2)/2 + 33. Calculate the highest common divisor of i and g.
3
Let j = -14 + 16. Suppose -w + j*w - 4 = 0. Suppose -5*m + 2*m = -4*y + 99, -5*y + w*m + 124 = 0. What is the highest common divisor of 6 and y?
6
Let o = 25 - 13. Suppose -4*b - b + 4*i = 476, -5*i = -4*b - 379. Let q = -12 - b. What is the highest common factor of o and q?
12
Let r be (552/(-30))/(3/(-30)). What is the greatest common divisor of 8 and r?
8
Suppose -5*k - 72 = 4*z, -2*z + 5*k = -7*z - 95. Let m = 39 + z. Let y(t) = t**2 + 29*t + 92. Let f be y(-28). What is the greatest common factor of m and f?
16
Suppose 6 + 3 = 3*l. Suppose 2*o - 28 = -2*m + l*o, -m + o + 13 = 0. What is the highest common divisor of 5 and m?
5
Let u = -26 + 32. Let t = u + 0. Calculate the greatest common divisor of t and 15.
3
Suppose y + 3*h - 15 = h, -h = -3*y + 10. Suppose 0 = -3*l - 4*i + 460, 0 = -y*l - 0*i - 2*i + 762. What is the greatest common divisor of l and 19?
19
Let j(d) = -d**2 - 28*d - 42. Let y be j(-20). What is the greatest common divisor of y and 4?
2
Let h = -23 + 29. Suppose -a = 4 - h. Let r be (-16)/(-4) + a*46. What is the highest common factor of r and 16?
16
Let p(a) = 7*a**2 - 20*a - 23. Let h be p(4). Let l(b) = b**3 - 4*b**2 + 2. Let c be l(5). What is the greatest common factor of c and h?
9
Suppose 6*z = z + 290. Let x be z + (1 - 4) + 1. Suppose -r = 2*u - 2*r - 20, 0 = -5*u - 3*r + 28. What is the highest common divisor of x and u?
8
Let h be 2/(-4)*90/(-15). Let t be h*33/(-9)*-1. Let w be (20/2)/((-2)/(-11)). Calculate the greatest common factor of w and t.
11
Suppose 57*l - 71*l + 882 = 0. What is the highest common divisor of l and 36?
9
Let m(k) = k. Let q(g) = -15*g - 6. Let x(b) = -18*m(b) - q(b). Let i be x(-8). Suppose -2488*r = -2475*r - 195. What is the highest common divisor of r and i?
15
Suppose -4*q - q = -20. Let m be -2 + -2*(-18)/q. Calculate the greatest common divisor of 1 and m.
1
Let u(j) = 19*j - 870. Let k be u(46). Calculate the highest common divisor of k and 236.
4
Suppose -3*n + 4*r = -21, 14*n - 14 = 12*n + 3*r. What is the greatest common factor of 9 and n?
1
Suppose 2*i = -3*y + 308, 5*i = -59 + 49. Calculate the greatest common factor of y and 16.
8
Let r = 456 - 282. What is the highest common divisor of r and 12?
6
Suppose 2*q = -3*z + 27, 3*q + 3*z = z + 28. Let l(k) = -k**3 + 9*k**2 + 3*k + 12. Let x be l(9). Let y = x - -3. What is the highest common divisor of q and y?
6
Suppose 20 = 5*g + 5*u, -4*g = -u + 3*u - 14. Suppose -5*a = 3*k - 38, 19 = k + g*a + 5. Calculate the highest common factor of k and 55.
11
Suppose 4*y - 3*y - 6 = 0. Suppose -156 = -h - 4*d, -3*h + 2*d + 482 = -0*h. Let g be (h/50)/((-2)/(-30)). What is the greatest common divisor of y and g?
6
Let a = -13 - -16. Suppose -378 = -18*g + 4*g. What is the highest common divisor of a and g?
3
Suppose 5*v - 200 = -35. Let y = -20 + v. What is the greatest common factor of y and 26?
13
Suppose 2*u - 84 = -u. Let p = 240 - 128. What is the greatest common divisor of u and p?
28
Let x be 7 + ((-12)/9 - (-4)/3). Suppose -x*y - 22 = -582. Calculate the greatest common divisor of y and 32.
16
Let v(o) = 23*o + 161. Let q be v(26). Calculate the greatest common factor of 33 and q.
33
Let c(a) = 7*a - 238. Let r be c(41). Let m = 21 - 14. What is the greatest common divisor of r and m?
7
Let i(u) = -u**2 - 33*u - 243. Let y be i(-12). Suppose 5*t = 15 + 30. What is the greatest common factor of y and t?
9
Let o = 638 + -579. What is the highest common divisor of 767 and o?
59
Let j(i) = -i**3 + 14*i**2 - 13*i + 26. Suppose 3*f = -5*b + 19, 2*b = -5*f - 0*f + 57. Let g be j(f). What is the greatest common factor of g and 39?
13
Let h = -7 - -8. Let o(u) = -7*u**2 + 2*u - 1. Let p be o(h). Let q = p + 10. What is the greatest common factor of q and 20?
4
Let j = 439 - 257. Let s = 6427 - 6401. Calculate the highest common factor of s and j.
26
Let n(i) be the first derivative of -11*i**2 - 12*i - 7. Let y be n(-5). What is the greatest common divisor of y and 14?
14
Let g = 205 - 48. Suppose -47 = 2*w - g. Let j be 2/(-8) - 1869/(-84). What is the greatest com